Suppose 0 = -0*s + s + 2. Suppose -6*d + d = -40. Calculate the remainder when (s/(-3))/((-4)/(-132)) is divided by d.
6
Let u = 4 + -3. What is the remainder when (-18)/(-36) + 2/4 is divided by u?
0
Suppose n = 3*r - 85, -3*n = 3 - 0. Calculate the remainder when r is divided by 10.
8
Suppose -5*b - 3*r - 2 + 42 = 0, 4*r = b + 15. Let q(o) = 3*o - 9. Let f be q(6). Suppose m = -2*m + f. Calculate the remainder when b is divided by m.
2
Let q(b) = 4*b + 5. Let r(j) = 0*j**2 + 4*j**2 + 2*j - j**2 - 2*j**2 - 3. Let d be r(-4). Calculate the remainder when q(d) is divided by 13.
12
Suppose -1 = -2*c + 7. Suppose q + 3*q - 9 = -5*n, c = 5*n - q. Calculate the remainder when (n + (-16)/(-6))*6 is divided by 8.
6
Let v(h) = -h**3 + 9*h**2 - 12*h + 8. Let z be v(8). What is the remainder when 29 + -1 - (-6 - -5) is divided by (z/4)/((-9)/12)?
5
Let b(s) = 8*s**2 + 0*s - 4 - 3 - 12*s + s**3. What is the remainder when b(-9) is divided by 11?
9
Suppose 2*s = 4, -4*s - 2 = -a - a. Let v(i) = i**3 - 3*i**2 - 7*i - 2. What is the remainder when 23 is divided by v(a)?
10
Let n(a) be the second derivative of a**4/12 + 7*a**3/6 - 11*a**2/2 + a. Let f be n(-9). What is the remainder when 8 is divided by -1 + 1 + -2 + f?
3
Suppose -25 = 3*m - 8*m. Suppose -4*o = -4*c + 56, o + 62 = -0*c + m*c. What is the remainder when 57 is divided by c?
9
Let l(a) = -a**3 - 2*a**2 - 4*a - 1. Let h be l(-3). Suppose 2*o - h = -4. What is the remainder when o is divided by (-4)/(-6)*(-15)/(-2)?
3
Let r = 11 - 13. Calculate the remainder when 40 is divided by (2 - r)*3 - -2.
12
Suppose -d + 8 = -4*f + 147, 3*d = -5*f + 161. What is the remainder when f is divided by 6?
4
Let b be 12/(-16)*8/(-3). Suppose 0*i - b*i - 4*z + 38 = 0, -5*i = 4*z - 83. Calculate the remainder when 29 is divided by i.
14
Let k(b) = -b**2 - 26*b - 17. Calculate the remainder when k(-23) is divided by 5.
2
Let d = 59 - 34. Calculate the remainder when d is divided by 7.
4
Let x = -13 - -17. Suppose -x*g - 3*w + 123 = -8*w, 39 = g - 4*w. What is the remainder when 107 is divided by g?
26
Suppose -30 = -2*q + 4. Let i(p) = -17*p - 2. Calculate the remainder when i(-4) is divided by q.
15
Suppose -2*r - 23 - 250 = z, 0 = 4*r. Calculate the remainder when 25 is divided by (4/3)/((-26)/z).
11
What is the remainder when (34/4)/(7/56) is divided by 25?
18
Let m be (-8 + 2)/((-3)/2). Suppose m*b - 46 = 34. Suppose -d = 2*d - 33. What is the remainder when b is divided by d?
9
Let h(u) = u**3 + 3*u**2 - 6*u - 3. Let v(d) = d**3 - d**2 + 8. Calculate the remainder when v(0) is divided by h(-4).
3
Suppose 2*w = w + 3. Let z(a) = 3*a + 1. What is the remainder when 37 is divided by z(w)?
7
Calculate the remainder when ((10 - 1) + -2)*3 is divided by 0 - (-1 - -9)/(2 - 3).
5
Let m = -4 - -3. Let o(i) = -28*i + 2. Calculate the remainder when o(m) is divided by 16.
14
Let t(n) = n**2 + 3*n + 3. Suppose 4*h - 3*h - 16 = 3*f, 5*h - 97 = -2*f. Calculate the remainder when t(7) is divided by h.
16
Let l(v) = -7*v**2 + 3*v - 3. Let y be l(2). Let a = y - -39. Calculate the remainder when a is divided by 5.
4
Let j be -8*((-3)/6 - 1). Let d = j - 6. Let l(m) = -6*m - 2. What is the remainder when l(-3) is divided by d?
4
Suppose -4*w + 8*w - 56 = 0. Let u(l) = 3*l**2 + 6*l + 9. Calculate the remainder when u(-5) is divided by w.
12
Let i(x) = -7*x**3 + x**2 + 2*x - 1. Let r be i(-2). Suppose -263 + r = -4*p. Calculate the remainder when p is divided by 18.
16
Let f(v) = v**2 + 11. Let y = -46 + 78. Calculate the remainder when y is divided by f(0).
10
Suppose 0 = -5*b + 3*f + 97, -5*b - 5*f + 77 = -28. Suppose 3*i - 52 = 5*o, 3*i + 3*o - 21 = -i. What is the remainder when 335/b - 1/(-4) is divided by i?
8
Suppose 3*z = -4*d + 539, 2*z + d - 361 = -2*d. Calculate the remainder when z is divided by 16.
13
Let v = 17 + -8. Let o(l) = 0 - 6 - v*l - l**2 + 1. What is the remainder when 38 is divided by o(-6)?
12
Suppose -2*n - 2 = -0. Let p = -32 - -45. Calculate the remainder when ((-2)/3)/(n/75) is divided by p.
11
Calculate the remainder when (-716)/(-16) + (-1)/(-4) is divided by 23.
22
Let d be 2/(-7) - (-94)/(-14). Calculate the remainder when 13 is divided by 3 - (-2 - -5) - d.
6
Let q(b) = b - 5. Let p be q(5). Suppose 0*x - 2*x + 48 = p. Let w(m) = -2*m + 5. What is the remainder when x is divided by w(-4)?
11
Let y(n) be the first derivative of 0*n + 5/2*n**2 - 2. Calculate the remainder when y(1) is divided by 2.
1
Suppose -p = 3*x - 0*p - 8, -3*p = -x - 4. Let h(b) = 3*b - 4. What is the remainder when h(3) is divided by x?
1
Let x(z) = 3*z - 10. What is the remainder when (30/(-7))/(1/(-7)) is divided by x(6)?
6
Let a = 142 + -92. Calculate the remainder when a is divided by 13.
11
Suppose -2*p - 5*s + 92 = 0, 5*s - 95 = 5*p - 290. Calculate the remainder when p is divided by 1 - 4/6 - (-124)/6.
20
Let g be (-8)/12*(1 + 5). Let d = g - -13. Suppose z = 5*n - d - 27, -5*n + 28 = -3*z. What is the remainder when 22 is divided by n?
6
Let o(z) be the third derivative of z**5/60 + 7*z**4/24 + 3*z**3/2 + 2*z**2. Suppose 4*p - 69 = -13. Calculate the remainder when o(-10) is divided by p.
11
Suppose -654 = -4*k - 2*b, 840 = 5*k - 5*b - 0*b. Let g be ((-24)/10)/((-6)/285). Let l = k - g. What is the remainder when l is divided by 26?
25
Suppose 0 = -6*y + 3*y + 168. Calculate the remainder when 222 is divided by y.
54
Let w(m) be the first derivative of -m**3/3 - 7*m**2 + 10*m - 1. What is the remainder when w(-8) is divided by 20?
18
Let l(r) = -r**2 + 18*r + 41. What is the remainder when 80 is divided by l(18)?
39
Let x(i) = i**3 - 5*i**2 - 6*i + 1. Calculate the remainder when (-6)/18*-1*3 is divided by x(6).
0
Suppose -2*i - 3*i + 100 = 0. Let b(t) = t**3 + 7*t**2 - 5*t + 4. What is the remainder when b(-7) is divided by i?
19
Suppose 4*z = k + 383, -2*z + 321 - 133 = -4*k. Suppose 3*c + 15 = 0, -2*l = 3*c + 25 + z. Let b = l - -97. What is the remainder when b is divided by 23?
21
Let f = 10 - 4. Let s = 23 - f. Calculate the remainder when s is divided by (-3)/6 - (-19)/2.
8
Let p = 67 - 24. Let s = p - 18. Let d = 19 + -6. Calculate the remainder when s is divided by d.
12
Suppose -5*z - 160 + 420 = 0. Calculate the remainder when z is divided by 19.
14
Let o = -39 + 22. Let b = -11 - o. What is the remainder when 11 is divided by b?
5
Suppose -4 = -m, 2*m = -2*p + 3*m + 62. Calculate the remainder when p is divided by (0 + -12)*(-3)/4.
6
Suppose 3*x - 3*f = x - 11, 4*f - 7 = -5*x. What is the remainder when -2 + 30/2 - x is divided by 4?
2
Suppose 3*j - 72 = -24. Suppose -1 - 35 = -4*y. What is the remainder when j is divided by y?
7
Let u(i) = i**2 - 7*i + 6. Suppose f - 13 = -3*n, -4*f + 1 = 4*n - 3. Let b be u(n). Suppose a = -b*a + 1. Calculate the remainder when a is divided by 1.
0
Let s = -5 + 7. Suppose s*i = -3*i + 155. Let g = -123 - -139. What is the remainder when i is divided by g?
15
Suppose 4*x - 3 = 25. Suppose 4*j - x - 65 = 0. Calculate the remainder when j is divided by 7.
4
Suppose -51 + 135 = 7*b. What is the remainder when 45 is divided by b?
9
Suppose 126 = 2*l - 4*d, 4*l - 7*d - 255 = -2*d. Suppose l = 7*a - 2*a. Calculate the remainder when 36 is divided by a.
10
Suppose 2*t - k = 50, 5*k - 4*k = 3*t - 76. What is the remainder when 154 is divided by t?
24
What is the remainder when 33 is divided by (25 + 2)*(-2)/(-6)?
6
Let w = 13 + -5. Suppose -d + w = 3*d. Suppose 0 = 2*h + 5*t - 23, h - 4*t + 16 = 2*h. Calculate the remainder when h is divided by d.
0
Suppose -3*b + 6 = -3. Suppose -g + 12 = -2*z, -b*g = -2*z - 20 - 28. Suppose 0 = 3*c - 80 - 22. What is the remainder when c is divided by g?
16
Let k(o) = 6*o - 2. Calculate the remainder when 86 is divided by k(4).
20
Calculate the remainder when 45 is divided by 26/6*(-2 - -5).
6
Let w(x) = -x**3 + 5*x**2 + 6*x. Let k be w(6). Suppose k = -2*c + 8 + 10. Suppose 3 = 4*z - c. What is the remainder when 8 is divided by z?
2
Suppose c + 3*n = 3, 3*c + 0*n + 3*n = 27. What is the remainder when -2*(-3)/6 - -32 is divided by c?
9
Let n(x) = x**2 + 2*x - 7. What is the remainder when n(-5) is divided by 3?
2
Suppose -q = -j - 4*q - 6, -2 = -3*j - 5*q. Let u = 45 - 28. What is the remainder when u is divided by j?
8
Let y = 74 - 43. 